base 4) to base 2
10001
Convert -1040 (base 5) to base 12.
-101
What is -16 (base 8) in base 12?
-12
What is -2 (base 14) in base 13?
-2
-50 (base 7) to base 5
-120
Convert 405 (base 7) to base 16.
c9
Convert 0 (base 14) to base 15.
0
What is 0 (base 10) in base 8?
0
Convert -15 (base 13) to base 14.
-14
What is -63 (base 13) in base 12?
-69
154 (base 13) to base 16
ee
-102 (base 5) to base 14
-1d
0 (base 14) to base 13
0
Convert 2 (base 9) to base 7.
2
What is 101 (base 4) in base 2?
10001
Convert 11 (base 10) to base 13.
b
Convert 3 (base 4) to base 12.
3
Convert 3 (base 4) to base 3.
10
What is -10 (base 14) in base 15?
-e
Convert -445 (base 6) to base 16.
-ad
What is 11 (base 13) in base 3?
112
Convert -1011 (base 3) to base 6.
-51
Convert -1110 (base 2) to base 14.
-10
What is 111101 (base 2) in base 3?
2021
-9 (base 15) to base 11
-9
Convert 19 (base 14) to base 16.
17
Convert 1 (base 5) to base 2.
1
-4 (base 6) to base 12
-4
Convert -100 (base 2) to base 8.
-4
What is -8 (base 10) in base 2?
-1000
106 (base 8) to base 13
55
1500 (base 6) to base 15
1b6
Convert 2 (base 5) to base 6.
2
Convert -8 (base 9) to base 13.
-8
What is -25 (base 11) in base 3?
-1000
Convert -10011100 (base 2) to base 9.
-183
Convert 12 (base 6) to base 11.
8
What is -1a (base 15) in base 3?
-221
What is 322 (base 4) in base 15?
3d
-10 (base 11) to base 9
-12
15 (base 9) to base 7
20
-14 (base 12) to base 7
-22
Convert 3d (base 15) to base 2.
111010
124 (base 5) to base 15
29
-14 (base 10) to base 13
-11
101 (base 8) to base 11
5a
What is 1210 (base 3) in base 16?
30
What is -c (base 15) in base 6?
-20
What is -12 (base 10) in base 5?
-22
3 (base 15) to base 12
3
Convert 0 (base 10) to base 9.
0
What is -10 (base 8) in base 5?
-13
Convert 24 (base 12) to base 6.
44
What is 0 (base 13) in base 9?
0
Convert 3 (base 10) to base 9.
3
What is 65 (base 14) in base 12?
75
8 (base 9) to base 7
11
Convert -100110 (base 2) to base 11.
-35
Convert -11222 (base 3) to base 11.
-112
Convert -34 (base 16) to base 8.
-64
Convert -3 (base 14) to base 2.
-11
Convert 5 (base 8) to base 4.
11
110110 (base 2) to base 3
2000
What is -3 (base 11) in base 8?
-3
0 (base 11) to base 16
0
Convert -40 (base 6) to base 7.
-33
26 (base 11) to base 5
103
30 (base 16) to base 15
33
Convert -3 (base 16) to base 8.
-3
Convert -14 (base 9) to base 8.
-15
What is -11010 (base 2) in base 13?
-20
6 (base 8) to base 16
6
Convert 101 (base 2) to base 6.
5
What is 150 (base 14) in base 3?
100212
81 (base 10) to base 15
56
-2 (base 15) to base 9
-2
0 (base 14) to base 10
0
6 (base 15) to base 2
110
Convert 2 (base 4) to base 9.
2
Convert 11 (base 9) to base 2.
1010
What is 0 (base 14) in base 12?
0
What is 11 (base 5) in base 11?
6
10 (base 2) to base 9
2
What is -83 (base 13) in base 9?
-128
110 (base 3) to base 8
14
Convert 2f (base 16) to base 10.
47
What is -14 (base 13) in base 7?
-23
Convert -1101110 (base 2) to base 5.
-420
Convert 110 (base 16) to base 4.
10100
What is -11 (base 3) in base 4?
-10
Convert 5a (base 12) to base 9.
77
Convert -11 (base 9) to base 10.
-10
-114 (base 7) to base 13
-48
4 (base 13) to base 16
4
Convert 124 (base 9) to base 12.
87
100 (base 3) to base 7
12
What is 2112 (base 3) in base 2?
1000100
Convert 7 (base 10) to base 4.
13
-84 (base 10) to base 8
-124
0 (base 2) to base 13
0
Convert -231 (base 4) to base 8.
-55
Convert 2 (base 8) to base 12.
2
Convert -2 (base 13) to base 2.
-10
Convert -3 (base 15) to base 5.
-3
0 (base 7) to base 13
0
-5 (base 8) to base 12
-5
What is 1001 (base 2) in base 6?
13
8 (base 13) to base 8
10
5 (base 13) to base 11
5
What is 7 (base 14) in base 4?
13
What is -5 (base 14) in base 4?
-11
7 (base 9) to base 15
7
-1 (base 2) to base 4
-1
Convert 6 (base 8) to base 5.
11
Convert 2 (base 9) to base 16.
2
What is 1200 (base 3) in base 15?
30
What is -3 (base 4) in base 7?
-3
Convert -33 (base 5) to base 4.
-102
Convert 5 (base 13) to base 6.
5
Convert -2 (base 4) to base 13.
-2
What is -101110 (base 2) in base 3?
-1201
What is 10323 (base 4) in base 7?
630
1 (base 5) to base 14
1
16 (base 12) to base 15
13
2 (base 10) to base 13
2
What is -11 (base 6) in base 3?
-21
Convert 4 (base 10) to base 7.
4
Convert c (base 13) to base 9.
13
Convert 3 (base 12) to base 6.
3
What is -222 (base 4) in base 14?
-30
172 (base 10) to base 16
ac
-16 (base 9) to base 13
-12
What is -a0 (base 12) in base 11?
-aa
What is -1 (base 15) in base 8?
-1
What is 11 (base 13) in base 12?
12
What is 143 (base 7) in base 3?
2222
-70 (base 11) to base 3
-2212
What is -19 (base 12) in base 5?
-41
54 (base 16) to base 15
59
-1210 (base 3) to base 13
-39
What is -a (base 16) in base 13?
-a
37 (base 11) to base 13
31
14 (base 6) to base 16
a
Convert -1 (base 2) to base 14.
-1
What is -1111 (base 2) in base 8?
-17
0 (base 9) to base 14
0
0 (base 16) to base 11
0
What is 0 (base 13) in base 2?
0
What is -20 (base 10) in base 9?
-22
0 (base 14) to base 15
0
14 (base 5) to base 11
9
Convert 2 (base 11) to base 8.
2
17 (base 9) to base 8
20
-1 (base 8) to base 13
-1
-31 (base 12) to base 13
-2b
2 (base 13) to base 11
2
Convert 14 (base 9) to base 7.
16
-11 (base 10) to base 4
-23
11 (base 3) to base 8
4
Convert -13 (base 12) to base 8.
-17
Convert 0 (base 14) to base 15.
0
Convert -26 (base 7) to base 9.
-22
Convert -1010 (base 2) to base 15.
-a
What is -100101100 (base 2) in base 11?
-253
Convert -2 (base 12) to base 14.
-2
Convert -57 (base 14) to base 7.
-140
Convert 2 (base 12) to base 9.
2
-2 (base 7) to base 10
-2
-a (base 15) to base 9
-11
What is -20 (base 9) in base 10?
-18
111 (base 9) to base 14
67
0 (base 15) to base 3
0
-3 (base 10) to base 14
-3
Convert -1011000 (base 2) to base 10.
-88
2 (base 3) to base 8
2
Convert -1 (base 13) to base 3.
-1
What is -13 (base 14) in base 15?
-12
Convert 1210 (base 3) to base 14.
36
What is -13 (base 13) in base 11?
-15
-41 (base 11) to base 13
-36
-2 (base 11) to base 7
-2
What is 0 (base 3) in base 13?
0
-4 (base 11) to base 4
-10
What is -3 (base 15) in base 16?
-3
Convert 25 (base 14) to base 2.
100001
Convert 8 (base 11) to base 3.
22
What is -1111 (base 3) in base 15?
-2a
-3 (base 5) to base 11
-3
Convert 1 (base 10) to base 16.
1
4 (base 16) to base 3
11
What is -32 (base 9) in base 15?
-1e
5 (base 9) to base 12
5
-12 (base 6) to base 2
-1000
-20 (base 4) to base 12
-8
What is 2 (base 8) in base 15?
2
What is -11 (base 2) in base 14?
-3
What is 403 (base 6) in base 5?
1042
What is -10 (base 5) in base 12?
-5
1 (base 13) to base 6
1
Convert 1101101 (base 2) to base 6.
301
21 (base 3) to base 5
12
Convert -42 (base 5) to base 3.
-211
What is 3 (base 12) in base 14?
3
Convert -6a (base 11) to base 16.
-4c
-7 (base 11) to base 9
-7
What is 13 (base 5) in base 16?
8
-1112 (base 3) to base 14
-2d
What is -d0 (base 14) in base 7?
-350
29 (base 14) to base 8
45
Convert -1 (base 5) to base 11.
-1
What is -321 (base 7) in base 3?
-20000
3 (base 10) to base 9
3
2 (base 6) to base 16
2
Convert 6 (base 9) to base 11.
6
Convert 2 (base 5) to base 14.
2
What is 114 (base 9) in base 5?
334
-45 (base 13) to base 4
-321
What is -2 (base 3) in base 7?
-2
What is 2 (base 12) in base 4?
2
-1 (base 4) to base 2
-1
111 (base 3) to base 11
12
What is -a (base 16) in base 10?
-10
Convert 0 (base 14) to base 4.
0
What is -2 (base 15) in base 11?
-2
Convert -4 (base 14) to base 9.
-4
What is 4 (base 8) in base 11?
4
Convert 330 (base 4) to base 9.
66
Convert 2 (base 7) to base 11.
2
533 (base 6) to base 4
3021
What is -6 (base 14) in base 16?
-6
What is -44 (base 16) in base 13?
-53
34 (base 6) to base 15
17
5 (base 13) to base 14
5
Convert 2 (base 12) to base 15.
2
311 (base 4) to base 7
104
What is 11001111 (base 2) in base 13?
12c
What is -18 (base 12) in base 16?
-14
Convert 1000 (base 2) to base 12.
8
-10 (base 11) to base 8
-13
-1 (base 5) to base 12
-1
Convert 22 (base 3) to base 2.
1000
What is -30 (base 5) in base 9?
-16
Convert -25 (base 8) to base 11.
-1a
0 (base 9) to base 15
0
What is -133 (base 6) in base 15?
-3c
Convert -4 (base 6) to base 2.
-100
What is -35 (base 13) in base 7?
-62
142 (base 5) to base 2
101111
Convert 23 (base 4) to base 10.
11
Convert -1 (base 16) to base 14.
-1
11000 (base 3) to base 15
73
102020 (base 3) to base